housands digit of 2099?
2
What is the ten thousands digit of 57932?
5
What is the thousands digit of 7916?
7
What is the tens digit of 1051?
5
What is the hundreds digit of 907?
9
What is the thousands digit of 1199?
1
What is the hundreds digit of 393?
3
What is the thousands digit of 24509?
4
What is the tens digit of 92283?
8
What is the units digit of 37110?
0
What is the hundreds digit of 7199?
1
What is the tens digit of 156042?
4
What is the ten thousands digit of 13995?
1
What is the thousands digit of 1036?
1
What is the tens digit of 532?
3
What is the hundreds digit of 1630?
6
What is the hundreds digit of 31308?
3
What is the hundreds digit of 84925?
9
What is the thousands digit of 6554?
6
What is the thousands digit of 2825?
2
What is the tens digit of 46894?
9
What is the units digit of 1006?
6
What is the ten thousands digit of 112128?
1
What is the thousands digit of 149467?
9
What is the thousands digit of 16110?
6
What is the units digit of 13059?
9
What is the thousands digit of 139892?
9
What is the thousands digit of 16562?
6
What is the tens digit of 94981?
8
What is the hundreds digit of 672?
6
What is the hundreds digit of 117259?
2
What is the units digit of 189?
9
What is the tens digit of 676?
7
What is the thousands digit of 56288?
6
What is the thousands digit of 1025?
1
What is the hundreds digit of 10706?
7
What is the hundreds digit of 7467?
4
What is the thousands digit of 1902?
1
What is the thousands digit of 4147?
4
What is the hundreds digit of 2066?
0
What is the thousands digit of 41610?
1
What is the units digit of 4262?
2
What is the tens digit of 1953?
5
What is the hundreds digit of 54935?
9
What is the units digit of 414?
4
What is the hundreds digit of 268?
2
What is the units digit of 20673?
3
What is the ten thousands digit of 12358?
1
What is the hundreds digit of 179779?
7
What is the tens digit of 1977?
7
What is the units digit of 1900?
0
What is the tens digit of 55022?
2
What is the hundreds digit of 312?
3
What is the tens digit of 2820?
2
What is the tens digit of 7143?
4
What is the thousands digit of 48487?
8
What is the tens digit of 580?
8
What is the units digit of 1569?
9
What is the tens digit of 6520?
2
What is the hundred thousands digit of 102709?
1
What is the units digit of 6988?
8
What is the tens digit of 9221?
2
What is the hundreds digit of 17973?
9
What is the ten thousands digit of 20793?
2
What is the tens digit of 3848?
4
What is the hundreds digit of 23094?
0
What is the hundreds digit of 46037?
0
What is the hundreds digit of 99503?
5
What is the units digit of 1332?
2
What is the units digit of 983?
3
What is the units digit of 767?
7
What is the units digit of 283?
3
What is the thousands digit of 122228?
2
What is the units digit of 37?
7
What is the hundreds digit of 798?
7
What is the tens digit of 18573?
7
What is the tens digit of 3534?
3
What is the hundreds digit of 6667?
6
What is the tens digit of 1905?
0
What is the hundreds digit of 8497?
4
What is the tens digit of 5335?
3
What is the thousands digit of 4709?
4
What is the tens digit of 948?
4
What is the thousands digit of 4767?
4
What is the tens digit of 761?
6
What is the units digit of 49943?
3
What is the hundreds digit of 11877?
8
What is the hundreds digit of 3224?
2
What is the thousands digit of 10955?
0
What is the units digit of 156750?
0
What is the hundreds digit of 25412?
4
What is the tens digit of 115371?
7
What is the thousands digit of 1085?
1
What is the units digit of 1300?
0
What is the thousands digit of 3968?
3
What is the tens digit of 36602?
0
What is the tens digit of 2570?
7
What is the units digit of 1355?
5
What is the thousands digit of 2179?
2
What is the hundreds digit of 740?
7
What is the hundreds digit of 10231?
2
What is the hundreds digit of 490?
4
What is the thousands digit of 6252?
6
What is the hundreds digit of 797?
7
What is the hundreds digit of 23128?
1
What is the hundreds digit of 1834?
8
What is the units digit of 1235?
5
What is the units digit of 85?
5
What is the units digit of 32404?
4
What is the hundreds digit of 6472?
4
What is the thousands digit of 1336?
1
What is the thousands digit of 7090?
7
What is the thousands digit of 2130?
2
What is the tens digit of 2108?
0
What is the thousands digit of 3783?
3
What is the hundreds digit of 76218?
2
What is the thousands digit of 8616?
8
What is the units digit of 511?
1
What is the ten thousands digit of 18336?
1
What is the thousands digit of 27988?
7
What is the units digit of 895?
5
What is the tens digit of 7962?
6
What is the hundreds digit of 222?
2
What is the hundreds digit of 1969?
9
What is the ten thousands digit of 40116?
4
What is the hundreds digit of 628?
6
What is the thousands digit of 76299?
6
What is the units digit of 2636?
6
What is the thousands digit of 4518?
4
What is the tens digit of 493?
9
What is the thousands digit of 10584?
0
What is the units digit of 8240?
0
What is the thousands digit of 98791?
8
What is the thousands digit of 2790?
2
What is the hundreds digit of 472?
4
What is the hundreds digit of 3713?
7
What is the tens digit of 965?
6
What is the hundreds digit of 969?
9
What is the units digit of 502?
2
What is the units digit of 61?
1
What is the tens digit of 64586?
8
What is the units digit of 4028?
8
What is the thousands digit of 19089?
9
What is the hundreds digit of 1123?
1
What is the tens digit of 495?
9
What is the units digit of 139?
9
What is the units digit of 786?
6
What is the thousands digit of 90605?
0
What is the thousands digit of 56591?
6
What is the tens digit of 2138?
3
What is the thousands digit of 1131?
1
What is the tens digit of 674?
7
What is the hundreds digit of 12537?
5
What is the ten thousands digit of 16807?
1
What is the tens digit of 397?
9
What is the ten thousands digit of 20020?
2
What is the thousands digit of 1491?
1
What is the hundreds digit of 1706?
7
What is the tens digit of 61226?
2
What is the tens digit of 489?
8
What is the thousands digit of 16055?
6
What is the units digit of 11650?
0
What is the hundreds digit of 6867?
8
What is the thousands digit of 95249?
5
What is the tens digit of 608?
0
What is the hundreds digit of 53991?
9
What is the units digit of 23353?
3
What is the hundreds digit of 396?
3
What is the units digit of 11892?
2
What is the units digit of 378?
8
What is the tens digit of 11873?
7
What is the hundreds digit of 5353?
3
What is the thousands digit of 101948?
1
What is the thousands digit of 7602?
7
What is the tens digit of 39393?
9
What is the units digit of 5821?
1
What is the units digit of 36499?
9
What is the hundreds digit of 11559?
5
What is the tens digit of 3800?
0
What is the hundreds digit of 57501?
5
What is the ten thousands digit of 14730?
1
What is the tens digit of 23838?
3
What is the tens digit of 25?
2
What is the units digit of 1727?
7
What is the hundreds digit of 746?
7
What is the hundreds digit of 4044?
0
What is the hundreds digit of 148358?
3
What is the thousands digit of 1799?
1
What is the thousands digit of 168311?
8
What is the ten thousands digit of 71818?
7
What is the units digit of 4596?
6
What is the tens digit of 8562?
6
What is the units digit of 2150?
0
What is the units digit of 2342?
2
What is the tens digit of 56972?
7
What is the ten thousands digit of 25565?
2
What is the ten thousands digit of 15119?
1
What is the tens digit of 842?
4
What is the units digit of 561?
1
What is the ten thousands digit of 37876?
3
What is the units digit of 1877?
7
What is the hundreds digit of 1696?
6
What is the tens digit of 24002?
0
What is the tens digit of 27607?
0
What is the thousands digit of 5929?
5
What is the hundreds digit of 632?
6
What is the tens digit of 1162?
6
What is the tens digit of 66582?
8
What is the thousands digit of 4468?
4
What is the hundreds digit of 15912?
9
What is the hundreds digit of 5056?
0
What is the thousands digit of 1964?
1
What is the hundreds digit of 4412?
4
What is the units digit of 1224?
4
What is the hundreds digit of 215?
2
What is the hundreds digit of 58329?
3
What is the ten thousands digit of 39925?
3
What is the hundreds digit of 2548?
5
What is the hundreds digit of 117176?
1
What is the units digit of 9